{"id":3,"date":"2020-05-23T19:38:50","date_gmt":"2020-05-23T17:38:50","guid":{"rendered":"https:\/\/gartenservice-pv.de\/?page_id=3"},"modified":"2022-05-25T15:10:20","modified_gmt":"2022-05-25T13:10:20","slug":"datenschutzerklaerung","status":"publish","type":"page","link":"https:\/\/gartenservice-pv.de\/index.php\/datenschutzerklaerung\/","title":{"rendered":"Datenschutzerkl\u00e4rung"},"content":{"rendered":"<div data-colibri-id=\"3-c1\" class=\"style-415 style-local-3-c1 position-relative\">\n  <!---->\n  <div data-colibri-component=\"section\" data-colibri-id=\"3-c6\" id=\"datenschutzerklaerung\" class=\"h-section h-section-global-spacing d-flex align-items-lg-center align-items-md-center align-items-center style-420 style-local-3-c6 position-relative\">\n    <!---->\n    <!---->\n    <div class=\"h-section-grid-container h-section-boxed-container\">\n      <div data-colibri-id=\"3-c10\" class=\"h-row-container gutters-row-lg-2 gutters-row-md-2 gutters-row-0 gutters-row-v-lg-2 gutters-row-v-md-2 gutters-row-v-2 style-424 style-local-3-c10 position-relative\">\n        <!---->\n        <div class=\"h-row justify-content-lg-center justify-content-md-center justify-content-center align-items-lg-stretch align-items-md-stretch align-items-stretch gutters-col-lg-2 gutters-col-md-2 gutters-col-0 gutters-col-v-lg-2 gutters-col-v-md-2 gutters-col-v-2\">\n          <!---->\n          <div class=\"h-column h-column-container d-flex h-col-lg-auto h-col-md-auto h-col-auto style-425-outer style-local-3-c11-outer\">\n            <div data-colibri-id=\"3-c11\" class=\"d-flex h-flex-basis h-column__inner h-px-lg-2 h-px-md-2 h-px-2 v-inner-lg-2 v-inner-md-2 v-inner-2 style-425 style-local-3-c11 position-relative\">\n              <!---->\n              <!---->\n              <div class=\"w-100 h-y-container h-column__content h-column__v-align flex-basis-100 align-self-lg-start align-self-md-start align-self-start\">\n                <!---->\n                <div data-colibri-id=\"3-c12\" class=\"h-global-transition-all h-heading style-426 style-local-3-c12 position-relative h-element\">\n                  <!---->\n                  <div class=\"h-heading__outer style-426 style-local-3-c12\">\n                    <!---->\n                    <!---->\n                    <h2 class=\"\">DATENSCHUTZERKL\u00c4RUNG<\/h2>\n                  <\/div>\n                <\/div>\n                <div data-colibri-id=\"3-c14\" class=\"h-divider style-383 style-local-3-c14 position-relative h-element\">\n                  <!----><span class=\"h-divider__line style-383-line style-local-3-c14-line style-383-line style-local-3-c14-line\"><\/span><\/div>\n              <\/div>\n            <\/div>\n          <\/div>\n        <\/div>\n      <\/div>\n      <div data-colibri-id=\"3-c16\" class=\"h-row-container gutters-row-lg-2 gutters-row-md-2 gutters-row-0 gutters-row-v-lg-2 gutters-row-v-md-2 gutters-row-v-2 style-431 style-local-3-c16 position-relative\">\n        <!---->\n        <div class=\"h-row justify-content-lg-center justify-content-md-center justify-content-center align-items-lg-stretch align-items-md-stretch align-items-stretch gutters-col-lg-2 gutters-col-md-2 gutters-col-0 gutters-col-v-lg-2 gutters-col-v-md-2 gutters-col-v-2\">\n          <!---->\n          <div class=\"h-column h-column-container d-flex h-col-lg-auto h-col-md-auto h-col-auto style-432-outer style-local-3-c17-outer\">\n            <div data-colibri-id=\"3-c17\" class=\"d-flex h-flex-basis h-column__inner h-px-lg-2 h-px-md-2 h-px-2 v-inner-lg-2 v-inner-md-2 v-inner-2 style-432 style-local-3-c17 position-relative\">\n              <!---->\n              <!---->\n              <div class=\"w-100 h-y-container h-column__content h-column__v-align flex-basis-100 align-self-lg-start align-self-md-start align-self-start\">\n                <!---->\n                <div data-colibri-id=\"3-c18\" class=\"d-block style-433 style-local-3-c18 position-relative h-element\">\n                  <!---->\n                  <div class=\"h-image__frame-container-outer\">\n                    <div class=\"h-image__frame-container\">\n                      <!---->\n                      <!---->\n                      <img loading=\"lazy\" decoding=\"async\" width=\"800\" height=\"181\" src=\"https:\/\/gartenservice-pv.de\/wp-content\/uploads\/2020\/06\/Gartenservice_Egling_Bad_Toelz_Wolfratshausen-8.png\" class=\"wp-image-432 style-433-image style-local-3-c18-image\" alt=\"\" srcset=\"https:\/\/gartenservice-pv.de\/wp-content\/uploads\/2020\/06\/Gartenservice_Egling_Bad_Toelz_Wolfratshausen-8.png 800w, https:\/\/gartenservice-pv.de\/wp-content\/uploads\/2020\/06\/Gartenservice_Egling_Bad_Toelz_Wolfratshausen-8-300x68.png 300w, https:\/\/gartenservice-pv.de\/wp-content\/uploads\/2020\/06\/Gartenservice_Egling_Bad_Toelz_Wolfratshausen-8-768x174.png 768w, https:\/\/gartenservice-pv.de\/wp-content\/uploads\/2020\/06\/Gartenservice_Egling_Bad_Toelz_Wolfratshausen-8-1x1.png 1w\" sizes=\"auto, (max-width: 800px) 100vw, 800px\" \/>\n                      <div class=\"h-image__frame h-hide-lg h-hide-md h-hide-sm style-433-frameImage style-local-3-c18-frameImage\"><\/div>\n                    <\/div>\n                  <\/div>\n                <\/div>\n              <\/div>\n            <\/div>\n          <\/div>\n        <\/div>\n      <\/div>\n      <div data-colibri-id=\"3-c19\" class=\"h-row-container gutters-row-lg-2 gutters-row-md-2 gutters-row-0 gutters-row-v-lg-2 gutters-row-v-md-2 gutters-row-v-2 style-434 style-local-3-c19 position-relative\">\n        <!---->\n        <div class=\"h-row justify-content-lg-center justify-content-md-center justify-content-center align-items-lg-stretch align-items-md-stretch align-items-stretch gutters-col-lg-2 gutters-col-md-2 gutters-col-0 gutters-col-v-lg-2 gutters-col-v-md-2 gutters-col-v-2\">\n          <!---->\n          <div class=\"h-column h-column-container d-flex h-col-lg-auto h-col-md-auto h-col-auto style-435-outer style-local-3-c20-outer\">\n            <div data-colibri-id=\"3-c20\" class=\"d-flex h-flex-basis h-column__inner h-px-lg-2 h-px-md-2 h-px-2 v-inner-lg-2 v-inner-md-2 v-inner-2 style-435 style-local-3-c20 position-relative\">\n              <!---->\n              <!---->\n              <div class=\"w-100 h-y-container h-column__content h-column__v-align flex-basis-100 align-self-lg-start align-self-md-start align-self-start\">\n                <!---->\n                <div data-colibri-id=\"3-c21\" class=\"h-lead h-text h-text-component style-436 style-local-3-c21 position-relative h-element\">\n                  <!---->\n                  <!---->\n                  <div class=\"\">\n                    <p><strong style=\"font-weight: 700;\">Wer wir sind<\/strong><\/p>\n                    <p>Die Adresse unserer Website ist: https:\/\/gartenservice-pv.de.<\/p>\n                    <p><strong>Welche personenbezogenen Daten wir sammeln und warum wir sie sammeln<\/strong><\/p>\n                    <p>Kommentare\n                      <br>Wenn Besucher Kommentare auf der Website schreiben, sammeln wir die Daten, die im Kommentar-Formular angezeigt werden, au\u00dferdem die IP-Adresse des Besuchers und den User-Agent-String (damit wird der Browser identifiziert), um die\n                      Erkennung von Spam zu unterst\u00fctzen.<\/p>\n                    <p>Aus deiner E-Mail-Adresse kann eine anonymisierte Zeichenfolge erstellt (auch Hash genannt) und dem Gravatar-Dienst \u00fcbergeben werden, um zu pr\u00fcfen, ob du diesen benutzt. Die Datenschutzerkl\u00e4rung des Gravatar-Dienstes findest du hier:\n                      https:\/\/automattic.com\/privacy\/. Nachdem dein Kommentar freigegeben wurde, ist dein Profilbild \u00f6ffentlich im Kontext deines Kommentars sichtbar.<\/p>\n                    <p>Medien\n                      <br>Wenn du ein registrierter Benutzer bist und Fotos auf diese Website l\u00e4dst, solltest du vermeiden, Fotos mit einem EXIF-GPS-Standort hochzuladen. Besucher dieser Website k\u00f6nnten Fotos, die auf dieser Website gespeichert sind, herunterladen\n                      und deren Standort-Informationen extrahieren.<\/p>\n                    <p>Kontaktformulare<\/p>\n                    <p>Cookies\n                      <br>Wenn du einen Kommentar auf unserer Website schreibst, kann das eine Einwilligung sein, deinen Namen, E-Mail-Adresse und Website in Cookies zu speichern. Dies ist eine Komfortfunktion, damit du nicht, wenn du einen weiteren Kommentar\n                      schreibst, all diese Daten erneut eingeben musst. Diese Cookies werden ein Jahr lang gespeichert.<\/p>\n                    <p>Falls du ein Konto hast und dich auf dieser Website anmeldest, werden wir ein tempor\u00e4res Cookie setzen, um festzustellen, ob dein Browser Cookies akzeptiert. Dieses Cookie enth\u00e4lt keine personenbezogenen Daten und wird verworfen, wenn\n                      du deinen Browser schlie\u00dft.<\/p>\n                    <p>Wenn du dich anmeldest, werden wir einige Cookies einrichten, um deine Anmeldeinformationen und Anzeigeoptionen zu speichern. Anmelde-Cookies verfallen nach zwei Tagen und Cookies f\u00fcr die Anzeigeoptionen nach einem Jahr. Falls du bei\n                      der Anmeldung \u201eAngemeldet bleiben\u201c ausw\u00e4hlst, wird deine Anmeldung zwei Wochen lang aufrechterhalten. Mit der Abmeldung aus deinem Konto werden die Anmelde-Cookies gel\u00f6scht.<\/p>\n                    <p>Wenn du einen Artikel bearbeitest oder ver\u00f6ffentlichst, wird ein zus\u00e4tzlicher Cookie in deinem Browser gespeichert. Dieser Cookie enth\u00e4lt keine personenbezogenen Daten und verweist nur auf die Beitrags-ID des Artikels, den du gerade\n                      bearbeitet hast. Der Cookie verf\u00e4llt nach einem Tag.<\/p>\n                    <p>Eingebettete Inhalte von anderen Websites\n                      <br>Beitr\u00e4ge auf dieser Website k\u00f6nnen eingebettete Inhalte beinhalten (z.&nbsp;B. Videos, Bilder, Beitr\u00e4ge etc.). Eingebettete Inhalte von anderen Websites verhalten sich exakt so, als ob der Besucher die andere Website besucht h\u00e4tte.<\/p>\n                    <p>Diese Websites k\u00f6nnen Daten \u00fcber dich sammeln, Cookies benutzen, zus\u00e4tzliche Tracking-Dienste von Dritten einbetten und deine Interaktion mit diesem eingebetteten Inhalt aufzeichnen, inklusive deiner interaktion mit dem eingebetteten\n                      Inhalt, falls du ein Konto hast und auf dieser Website angemeldet bist.<\/p>\n                    <p>Analysedienste<\/p>\n                    <p>Mit wem wir deine Daten teilen<\/p>\n                    <p>Wie lange wir deine Daten speichern<\/p>\n                    <p>Wenn du einen Kommentar schreibst, wird dieser inklusive Metadaten zeitlich unbegrenzt gespeichert. Auf diese Art k\u00f6nnen wir Folgekommentare automatisch erkennen und freigeben, anstelle sie in einer Moderations-Warteschlange festzuhalten.<\/p>\n                    <p>F\u00fcr Benutzer, die sich auf unserer Website registrieren, speichern wir zus\u00e4tzlich die pers\u00f6nlichen Informationen, die sie in ihren Benutzerprofilen angeben. Alle Benutzer k\u00f6nnen jederzeit ihre pers\u00f6nlichen Informationen einsehen, ver\u00e4ndern\n                      oder l\u00f6schen (der Benutzername kann nicht ver\u00e4ndert werden). Administratoren der Website k\u00f6nnen diese Informationen ebenfalls einsehen und ver\u00e4ndern.<\/p>\n                    <p>Welche Rechte du an deinen Daten hast\n                      <br>Wenn du ein Konto auf dieser Website besitzt oder Kommentare geschrieben hast, kannst du einen Export deiner personenbezogenen Daten bei uns anfordern, inklusive aller Daten, die du uns mitgeteilt hast. Dar\u00fcber hinaus kannst du die\n                      L\u00f6schung aller personenbezogenen Daten, die wir von dir gespeichert haben, anfordern. Dies umfasst nicht die Daten, die wir aufgrund administrativer, rechtlicher oder sicherheitsrelevanter Notwendigkeiten aufbewahren m\u00fcssen.<\/p>\n                    <p>Wohin wir deine Daten senden\n                      <br>Besucher-Kommentare k\u00f6nnten von einem automatisierten Dienst zur Spam-Erkennung untersucht werden.<\/p>\n                    <p>Deine Kontakt-Informationen<\/p>\n                    <p>Weitere Informationen<\/p>\n                    <p>Wie wir deine Daten sch\u00fctzen<\/p>\n                    <p>Welche Ma\u00dfnahmen wir bei Datenschutzverletzungen anbieten<\/p>\n                    <p>Von welchen Drittanbietern wir Daten erhalten<\/p>\n                    <p>Welche automatisierte Entscheidungsfindung und\/oder Profilerstellung wir mit Benutzerdaten durchf\u00fchren<\/p>\n                    <p>Vorausgesetzte Offenlegungspflichten der Industrie<\/p>\n                    <p>\n                      <br>\n                    <\/p>\n                  <\/div>\n                <\/div>\n              <\/div>\n            <\/div>\n          <\/div>\n        <\/div>\n      <\/div>\n    <\/div>\n  <\/div>\n<\/div>","protected":false},"excerpt":{"rendered":"<p>DATENSCHUTZERKL\u00c4RUNG Wer wir sind Die Adresse unserer Website ist: https:\/\/gartenservice-pv.de. Welche personenbezogenen Daten wir sammeln und warum wir sie sammeln Kommentare Wenn Besucher Kommentare auf der Website schreiben, sammeln wir die Daten, die im Kommentar-Formular angezeigt werden, au\u00dferdem die IP-Adresse des Besuchers und den User-Agent-String (damit wird der Browser identifiziert), um die Erkennung von Spam [&hellip;]<\/p>\n","protected":false},"author":1,"featured_media":0,"parent":0,"menu_order":0,"comment_status":"closed","ping_status":"closed","template":"page-templates\/full-width-page.php","meta":{"footnotes":""},"class_list":["post-3","page","type-page","status-publish","hentry"],"yoast_head":"<!-- This site is optimized with the Yoast SEO plugin v27.3 - https:\/\/yoast.com\/product\/yoast-seo-wordpress\/ -->\n<title>Datenschutzerkl\u00e4rung - GARTENSERVICE-PV.DE<\/title>\n<meta name=\"robots\" content=\"index, follow, max-snippet:-1, max-image-preview:large, max-video-preview:-1\" \/>\n<link rel=\"canonical\" href=\"https:\/\/gartenservice-pv.de\/index.php\/datenschutzerklaerung\/\" \/>\n<meta property=\"og:locale\" content=\"de_DE\" \/>\n<meta property=\"og:type\" content=\"article\" \/>\n<meta property=\"og:title\" content=\"Datenschutzerkl\u00e4rung - GARTENSERVICE-PV.DE\" \/>\n<meta property=\"og:description\" content=\"DATENSCHUTZERKL\u00c4RUNG Wer wir sind Die Adresse unserer Website ist: https:\/\/gartenservice-pv.de. Welche personenbezogenen Daten wir sammeln und warum wir sie sammeln Kommentare Wenn Besucher Kommentare auf der Website schreiben, sammeln wir die Daten, die im Kommentar-Formular angezeigt werden, au\u00dferdem die IP-Adresse des Besuchers und den User-Agent-String (damit wird der Browser identifiziert), um die Erkennung von Spam [&hellip;]\" \/>\n<meta property=\"og:url\" content=\"https:\/\/gartenservice-pv.de\/index.php\/datenschutzerklaerung\/\" \/>\n<meta property=\"og:site_name\" content=\"GARTENSERVICE-PV.DE\" \/>\n<meta property=\"article:modified_time\" content=\"2022-05-25T13:10:20+00:00\" \/>\n<meta property=\"og:image\" content=\"https:\/\/gartenservice-pv.de\/wp-content\/uploads\/2020\/06\/Gartenservice_Egling_Bad_Toelz_Wolfratshausen-8.png\" \/>\n<meta name=\"twitter:card\" content=\"summary_large_image\" \/>\n<meta name=\"twitter:label1\" content=\"Gesch\u00e4tzte Lesezeit\" \/>\n\t<meta name=\"twitter:data1\" content=\"3\u00a0Minuten\" \/>\n<script type=\"application\/ld+json\" class=\"yoast-schema-graph\">{\"@context\":\"https:\\\/\\\/schema.org\",\"@graph\":[{\"@type\":\"WebPage\",\"@id\":\"https:\\\/\\\/gartenservice-pv.de\\\/index.php\\\/datenschutzerklaerung\\\/\",\"url\":\"https:\\\/\\\/gartenservice-pv.de\\\/index.php\\\/datenschutzerklaerung\\\/\",\"name\":\"Datenschutzerkl\u00e4rung - GARTENSERVICE-PV.DE\",\"isPartOf\":{\"@id\":\"https:\\\/\\\/gartenservice-pv.de\\\/#website\"},\"primaryImageOfPage\":{\"@id\":\"https:\\\/\\\/gartenservice-pv.de\\\/index.php\\\/datenschutzerklaerung\\\/#primaryimage\"},\"image\":{\"@id\":\"https:\\\/\\\/gartenservice-pv.de\\\/index.php\\\/datenschutzerklaerung\\\/#primaryimage\"},\"thumbnailUrl\":\"https:\\\/\\\/gartenservice-pv.de\\\/wp-content\\\/uploads\\\/2020\\\/06\\\/Gartenservice_Egling_Bad_Toelz_Wolfratshausen-8.png\",\"datePublished\":\"2020-05-23T17:38:50+00:00\",\"dateModified\":\"2022-05-25T13:10:20+00:00\",\"breadcrumb\":{\"@id\":\"https:\\\/\\\/gartenservice-pv.de\\\/index.php\\\/datenschutzerklaerung\\\/#breadcrumb\"},\"inLanguage\":\"de\",\"potentialAction\":[{\"@type\":\"ReadAction\",\"target\":[\"https:\\\/\\\/gartenservice-pv.de\\\/index.php\\\/datenschutzerklaerung\\\/\"]}]},{\"@type\":\"ImageObject\",\"inLanguage\":\"de\",\"@id\":\"https:\\\/\\\/gartenservice-pv.de\\\/index.php\\\/datenschutzerklaerung\\\/#primaryimage\",\"url\":\"https:\\\/\\\/gartenservice-pv.de\\\/wp-content\\\/uploads\\\/2020\\\/06\\\/Gartenservice_Egling_Bad_Toelz_Wolfratshausen-8.png\",\"contentUrl\":\"https:\\\/\\\/gartenservice-pv.de\\\/wp-content\\\/uploads\\\/2020\\\/06\\\/Gartenservice_Egling_Bad_Toelz_Wolfratshausen-8.png\",\"width\":800,\"height\":181},{\"@type\":\"BreadcrumbList\",\"@id\":\"https:\\\/\\\/gartenservice-pv.de\\\/index.php\\\/datenschutzerklaerung\\\/#breadcrumb\",\"itemListElement\":[{\"@type\":\"ListItem\",\"position\":1,\"name\":\"Startseite\",\"item\":\"https:\\\/\\\/gartenservice-pv.de\\\/\"},{\"@type\":\"ListItem\",\"position\":2,\"name\":\"Datenschutzerkl\u00e4rung\"}]},{\"@type\":\"WebSite\",\"@id\":\"https:\\\/\\\/gartenservice-pv.de\\\/#website\",\"url\":\"https:\\\/\\\/gartenservice-pv.de\\\/\",\"name\":\"GARTENSERVICE-PV.DE\",\"description\":\"M\u00fcnchen und Umgebung\",\"publisher\":{\"@id\":\"https:\\\/\\\/gartenservice-pv.de\\\/#organization\"},\"potentialAction\":[{\"@type\":\"SearchAction\",\"target\":{\"@type\":\"EntryPoint\",\"urlTemplate\":\"https:\\\/\\\/gartenservice-pv.de\\\/?s={search_term_string}\"},\"query-input\":{\"@type\":\"PropertyValueSpecification\",\"valueRequired\":true,\"valueName\":\"search_term_string\"}}],\"inLanguage\":\"de\"},{\"@type\":\"Organization\",\"@id\":\"https:\\\/\\\/gartenservice-pv.de\\\/#organization\",\"name\":\"GARTENSERVICE-PV.DE\",\"url\":\"https:\\\/\\\/gartenservice-pv.de\\\/\",\"logo\":{\"@type\":\"ImageObject\",\"inLanguage\":\"de\",\"@id\":\"https:\\\/\\\/gartenservice-pv.de\\\/#\\\/schema\\\/logo\\\/image\\\/\",\"url\":\"https:\\\/\\\/gartenservice-pv.de\\\/wp-content\\\/uploads\\\/2022\\\/06\\\/logo_gartenservice_pv_white.png\",\"contentUrl\":\"https:\\\/\\\/gartenservice-pv.de\\\/wp-content\\\/uploads\\\/2022\\\/06\\\/logo_gartenservice_pv_white.png\",\"width\":500,\"height\":520,\"caption\":\"GARTENSERVICE-PV.DE\"},\"image\":{\"@id\":\"https:\\\/\\\/gartenservice-pv.de\\\/#\\\/schema\\\/logo\\\/image\\\/\"}}]}<\/script>\n<!-- \/ Yoast SEO plugin. -->","yoast_head_json":{"title":"Datenschutzerkl\u00e4rung - GARTENSERVICE-PV.DE","robots":{"index":"index","follow":"follow","max-snippet":"max-snippet:-1","max-image-preview":"max-image-preview:large","max-video-preview":"max-video-preview:-1"},"canonical":"https:\/\/gartenservice-pv.de\/index.php\/datenschutzerklaerung\/","og_locale":"de_DE","og_type":"article","og_title":"Datenschutzerkl\u00e4rung - GARTENSERVICE-PV.DE","og_description":"DATENSCHUTZERKL\u00c4RUNG Wer wir sind Die Adresse unserer Website ist: https:\/\/gartenservice-pv.de. Welche personenbezogenen Daten wir sammeln und warum wir sie sammeln Kommentare Wenn Besucher Kommentare auf der Website schreiben, sammeln wir die Daten, die im Kommentar-Formular angezeigt werden, au\u00dferdem die IP-Adresse des Besuchers und den User-Agent-String (damit wird der Browser identifiziert), um die Erkennung von Spam [&hellip;]","og_url":"https:\/\/gartenservice-pv.de\/index.php\/datenschutzerklaerung\/","og_site_name":"GARTENSERVICE-PV.DE","article_modified_time":"2022-05-25T13:10:20+00:00","og_image":[{"url":"https:\/\/gartenservice-pv.de\/wp-content\/uploads\/2020\/06\/Gartenservice_Egling_Bad_Toelz_Wolfratshausen-8.png","type":"","width":"","height":""}],"twitter_card":"summary_large_image","twitter_misc":{"Gesch\u00e4tzte Lesezeit":"3\u00a0Minuten"},"schema":{"@context":"https:\/\/schema.org","@graph":[{"@type":"WebPage","@id":"https:\/\/gartenservice-pv.de\/index.php\/datenschutzerklaerung\/","url":"https:\/\/gartenservice-pv.de\/index.php\/datenschutzerklaerung\/","name":"Datenschutzerkl\u00e4rung - GARTENSERVICE-PV.DE","isPartOf":{"@id":"https:\/\/gartenservice-pv.de\/#website"},"primaryImageOfPage":{"@id":"https:\/\/gartenservice-pv.de\/index.php\/datenschutzerklaerung\/#primaryimage"},"image":{"@id":"https:\/\/gartenservice-pv.de\/index.php\/datenschutzerklaerung\/#primaryimage"},"thumbnailUrl":"https:\/\/gartenservice-pv.de\/wp-content\/uploads\/2020\/06\/Gartenservice_Egling_Bad_Toelz_Wolfratshausen-8.png","datePublished":"2020-05-23T17:38:50+00:00","dateModified":"2022-05-25T13:10:20+00:00","breadcrumb":{"@id":"https:\/\/gartenservice-pv.de\/index.php\/datenschutzerklaerung\/#breadcrumb"},"inLanguage":"de","potentialAction":[{"@type":"ReadAction","target":["https:\/\/gartenservice-pv.de\/index.php\/datenschutzerklaerung\/"]}]},{"@type":"ImageObject","inLanguage":"de","@id":"https:\/\/gartenservice-pv.de\/index.php\/datenschutzerklaerung\/#primaryimage","url":"https:\/\/gartenservice-pv.de\/wp-content\/uploads\/2020\/06\/Gartenservice_Egling_Bad_Toelz_Wolfratshausen-8.png","contentUrl":"https:\/\/gartenservice-pv.de\/wp-content\/uploads\/2020\/06\/Gartenservice_Egling_Bad_Toelz_Wolfratshausen-8.png","width":800,"height":181},{"@type":"BreadcrumbList","@id":"https:\/\/gartenservice-pv.de\/index.php\/datenschutzerklaerung\/#breadcrumb","itemListElement":[{"@type":"ListItem","position":1,"name":"Startseite","item":"https:\/\/gartenservice-pv.de\/"},{"@type":"ListItem","position":2,"name":"Datenschutzerkl\u00e4rung"}]},{"@type":"WebSite","@id":"https:\/\/gartenservice-pv.de\/#website","url":"https:\/\/gartenservice-pv.de\/","name":"GARTENSERVICE-PV.DE","description":"M\u00fcnchen und Umgebung","publisher":{"@id":"https:\/\/gartenservice-pv.de\/#organization"},"potentialAction":[{"@type":"SearchAction","target":{"@type":"EntryPoint","urlTemplate":"https:\/\/gartenservice-pv.de\/?s={search_term_string}"},"query-input":{"@type":"PropertyValueSpecification","valueRequired":true,"valueName":"search_term_string"}}],"inLanguage":"de"},{"@type":"Organization","@id":"https:\/\/gartenservice-pv.de\/#organization","name":"GARTENSERVICE-PV.DE","url":"https:\/\/gartenservice-pv.de\/","logo":{"@type":"ImageObject","inLanguage":"de","@id":"https:\/\/gartenservice-pv.de\/#\/schema\/logo\/image\/","url":"https:\/\/gartenservice-pv.de\/wp-content\/uploads\/2022\/06\/logo_gartenservice_pv_white.png","contentUrl":"https:\/\/gartenservice-pv.de\/wp-content\/uploads\/2022\/06\/logo_gartenservice_pv_white.png","width":500,"height":520,"caption":"GARTENSERVICE-PV.DE"},"image":{"@id":"https:\/\/gartenservice-pv.de\/#\/schema\/logo\/image\/"}}]}},"_links":{"self":[{"href":"https:\/\/gartenservice-pv.de\/index.php\/wp-json\/wp\/v2\/pages\/3","targetHints":{"allow":["GET"]}}],"collection":[{"href":"https:\/\/gartenservice-pv.de\/index.php\/wp-json\/wp\/v2\/pages"}],"about":[{"href":"https:\/\/gartenservice-pv.de\/index.php\/wp-json\/wp\/v2\/types\/page"}],"author":[{"embeddable":true,"href":"https:\/\/gartenservice-pv.de\/index.php\/wp-json\/wp\/v2\/users\/1"}],"replies":[{"embeddable":true,"href":"https:\/\/gartenservice-pv.de\/index.php\/wp-json\/wp\/v2\/comments?post=3"}],"version-history":[{"count":3,"href":"https:\/\/gartenservice-pv.de\/index.php\/wp-json\/wp\/v2\/pages\/3\/revisions"}],"predecessor-version":[{"id":1028,"href":"https:\/\/gartenservice-pv.de\/index.php\/wp-json\/wp\/v2\/pages\/3\/revisions\/1028"}],"wp:attachment":[{"href":"https:\/\/gartenservice-pv.de\/index.php\/wp-json\/wp\/v2\/media?parent=3"}],"curies":[{"name":"wp","href":"https:\/\/api.w.org\/{rel}","templated":true}]}}